tors of (l + (-39)/(-12))*76.
19
Let p = -3 - -51. What are the prime factors of (-2 - -1) + p/4?
11
Let w be (-20)/(-28) + 2/7. Let l be 3*(2 - 28/12). Let s = w - l. List the prime factors of s.
2
Suppose 27 = p - 3*y, 2*y + 6 = -2. Suppose -5*k + 0*k - 25 = 0. Let g = p - k. List the prime factors of g.
2, 5
Suppose -22*u - 369 = -25*u. List the prime factors of u.
3, 41
Let b(t) = -5*t**2 - 5*t + 6. Let v(r) = -11*r**2 - 9*r + 12. Suppose -2*i + 0*i - 26 = 0. Let s(m) = i*b(m) + 6*v(m). List the prime factors of s(8).
2, 3
Suppose -5*q - 60 = -2*q. List the prime factors of ((-208)/q)/(6/15).
2, 13
Let b = 281 - 125. List the prime factors of b.
2, 3, 13
Let h(y) = -2*y - 7. Let r be h(-6). Suppose 2*z = -a + 11, 3*a = 2*a - r*z + 14. What are the prime factors of a?
3
Let o = -11 + 16. Suppose o*m = 0, -5*a - 4*m = -7*m - 10. Suppose 2*w = 7*w - 2*l - 26, -w + 2*l = -a. List the prime factors of w.
2, 3
Let j be 9*((-8)/3 - -3). Suppose 0 = -5*a + m - 18, 0*a + j*m - 3 = -2*a. List the prime factors of ((-6)/(-4))/(a/(-6)).
3
Suppose t - 1 = -2. List the prime factors of t*7*-2 + 2.
2
Suppose -5 + 24 = d + c, -4*d = c - 76. List the prime factors of d.
19
Let t = 35 + 1. What are the prime factors of t?
2, 3
Suppose -5*r + l = 6, 3*r + 3 - 13 = 4*l. Let j be (r/(-3))/(4/30). Suppose -4*u + v = -51, -35 = -j*u - 3*v + 16. What are the prime factors of u?
2, 3
What are the prime factors of 3/(12/70)*2?
5, 7
Let i = 12 - 5. List the prime factors of (-1 - 0) + (i - -7).
13
Suppose 12 + 0 = 2*y. Let r = -6 + y. Suppose r = -3*s + 13 + 26. What are the prime factors of s?
13
Let t = -307 - -531. What are the prime factors of t?
2, 7
Let a(k) = 2*k**2 - 3*k - 3. What are the prime factors of a(-4)?
41
Suppose 6*o - o - 25 = 0. Suppose -o*j = -5 - 25. What are the prime factors of j?
2, 3
Let n(s) be the second derivative of -2*s + 1/12*s**4 + 0 - 1/2*s**2 - 1/2*s**3. What are the prime factors of n(5)?
3
Let r = -4 - -6. Let a = 9 + r. List the prime factors of a + (2 - 3) + 2.
2, 3
Let q(r) = -19*r - 2. Let o be q(-4). Suppose 5*u - 86 = -2*z + 6*z, -2*z = 4*u - o. What are the prime factors of u?
2, 3
Suppose -2*f + 3*f = 71. Suppose -34 = -2*q + 3*w, 7*w - 3*w = 5*q - f. What are the prime factors of q?
11
Suppose -933 = -5*y + b, 376 = 2*y - 5*b + 6*b. What are the prime factors of y?
11, 17
Suppose -y - l = -0*y - 1, -3*y - 5 = 5*l. List the prime factors of y.
5
Suppose -v = 2*v - 48. What are the prime factors of v?
2
Let a be 25/3 + 4/6. Let q(f) = -f**2 + 2. Let m be q(3). Let s = m + a. List the prime factors of s.
2
Let n(u) = -6*u - 1. What are the prime factors of n(-5)?
29
Suppose 103 + 2 = 5*g. Let b be (-7)/(g/(-6)) - -3. Suppose h = b*a + 17, 0*h + 3*h + a - 51 = 0. What are the prime factors of h?
17
Suppose 0*u + 16 = 4*u. Let a(j) = -5*j. Let q be a(u). What are the prime factors of (q/(-15))/((-1)/(-9))?
2, 3
Let c = 26 + -21. What are the prime factors of c?
5
Let y be (-2 - -1 - 1)/(-2). Let q be 12/54 + 453/27. Suppose q = 4*v + y. What are the prime factors of v?
2
Let v(d) = d**2 - 4*d + 12. What are the prime factors of v(-7)?
89
Let b(k) = -2*k + 18. What are the prime factors of b(-8)?
2, 17
List the prime factors of (-49)/(-4) - (-1)/(-4).
2, 3
Suppose -4*u = 29 + 99. Let a = 52 + u. What are the prime factors of a?
2, 5
Suppose -4*m = -361 - 767. What are the prime factors of m?
2, 3, 47
Let l = -209 + 355. List the prime factors of l.
2, 73
Let h = -132 - -226. Suppose 0 = v + 1, h = 3*m + v + 4*v. List the prime factors of m.
3, 11
Let k(r) = -r + 10. Let w be k(10). List the prime factors of (w - -8)*(-8)/(-16).
2
Let k = -50 + 81. List the prime factors of k.
31
Suppose 4*l - 6*s + s = -71, 73 = -2*l - 5*s. List the prime factors of (l/32)/(2/(-8)).
3
Let r be (18/(-8))/((-1)/(-4)). Suppose 11*x = 13*x - 2*u + 54, 2*x = -5*u - 33. Let d = r - x. List the prime factors of d.
3, 5
Let a(u) = -u**2 - 11*u - 5. Let z be a(-11). Let p(i) = i**3 - 5*i**2 + 7*i - 5. Let v be p(4). Let l = v + z. List the prime factors of l.
2
Suppose 4*p + 18 = 5*u + 7, -3*p - 5*u = 17. Let d be p/((-2)/4*4). Suppose 3*g = -d*g + 95. List the prime factors of g.
19
Let u(t) = -4*t**2 + 36*t**2 - 1 + 3 + 3*t. What are the prime factors of u(-1)?
31
Suppose 3*v + 17 = 110. List the prime factors of v.
31
Let o(s) = -s**2 - 19*s - 8. What are the prime factors of o(-15)?
2, 13
Suppose -5 = -2*i - 3. Let l be i*(0 - 1)*-21. Suppose -5*m + 14 = -l. What are the prime factors of m?
7
Let h be 0/1 + 15/(-3). Let y = h - -7. Suppose 10 = y*x - 4*a, -3*a = 3*x - 0*a - 6. List the prime factors of x.
3
Suppose w + 1 = 11. Suppose n + 3 = w. What are the prime factors of n?
7
Suppose -6*f = -5*f + 10. What are the prime factors of (0 - -36)*(-5)/f?
2, 3
Let j = -10 + 10. Suppose j = p - 5*p - 60. Let u = 31 + p. List the prime factors of u.
2
Let n be (6/(-5))/(2/(-10)). Suppose 10 = n*c - 134. What are the prime factors of c?
2, 3
Suppose -180 = -7*p + 3*p. Suppose -4*k + p = -k. What are the prime factors of k?
3, 5
Let b = 96 - 66. List the prime factors of b.
2, 3, 5
Let y be (72/14)/((-6)/(-84)). Let k = y - 38. Suppose -4*u - 6 + k = 0. List the prime factors of u.
7
List the prime factors of ((-2172)/(-8))/(9/12) + 4.
2, 3, 61
Suppose 53 = -2*t + 345. Suppose -2*o + 0*o + 3*v = -72, -4*o + t = -5*v. Suppose 0 = 4*w - o - 41. List the prime factors of w.
2, 5
Let z(y) = -4*y**3 - 3*y**2 - 2*y + 2. What are the prime factors of z(-3)?
89
Suppose -u = 2*u - 12. Suppose -5*f + u*f + 5 = 0. List the prime factors of f.
5
Suppose 0 = -3*n + 74 + 82. List the prime factors of n.
2, 13
Let f(i) = 38*i. Let w be f(1). Suppose j - o = w, 3*j + o = 51 + 55. Suppose 5*k - j = k. What are the prime factors of k?
3
Let o(y) = 169*y**2 + 2*y + 3. List the prime factors of o(-1).
2, 5, 17
Suppose -2*f = -2*j - 288, -342 = -2*f + 5*j - 48. List the prime factors of f.
2, 71
Suppose 0 = -4*x - 8, 4*l - 78 = -0*l - x. Let m = -3 + l. Suppose 42 = 5*b + 2*y, -4*b + y + 61 = m. List the prime factors of b.
2, 5
Let m = -56 - -136. Let y = m + -57. What are the prime factors of y?
23
Let s(h) = 7*h**2 + h + 12. What are the prime factors of s(5)?
2, 3
Suppose 4*k + 40 = 2*k. Let f = -60 + 96. Let y = f + k. What are the prime factors of y?
2
Let f(g) = g**3 - 8*g**2 + 5*g + 6. Let c be f(7). Let h be 20/c - 1/(-2). Let u(w) = -2*w**3 - w**2 - 2. What are the prime factors of u(h)?
2, 5
What are the prime factors of 177/5 + (9/15 - 1)?
5, 7
Suppose -2 = 2*s - 8. Suppose -s*x - 125 = -8*x. List the prime factors of x.
5
Suppose 4*s = -5*n - 45, 0 = -s - 3*n + 5*n - 21. Let a = s + 47. List the prime factors of a.
2
Let x(k) = k - 12. Let g be x(0). Let v = g + 3. What are the prime factors of -1 + (-30)/(v/3)?
3
Suppose 0*k = k - 13. Let f = -4 + k. List the prime factors of (-2)/f - (-370)/45.
2
Let q = 2 + 1. List the prime factors of (4/q - 1)*39.
13
Let c be (35/20)/((-2)/40). Let b = -20 - c. List the prime factors of b.
3, 5
Suppose 2*u - 4*u = -58. List the prime factors of u.
29
Suppose 2*p + 3*p = 5*z - 375, -5*z - 5*p + 415 = 0. List the prime factors of z.
79
Let k be (-14)/(-21) - (-32)/6. Let l(t) = 3*t. List the prime factors of l(k).
2, 3
Let x be (-4)/(-14) + (-363)/21. Let c = -2 - x. List the prime factors of c.
3, 5
Suppose 6 - 2 = 2*j, 0 = 2*u - j - 56. List the prime factors of u.
29
Let q(f) = -2*f - 8. Let m(u) = -5*u - 16. Let d(p) = 3*m(p) - 5*q(p). List the prime factors of d(-7).
3
Suppose 0 = -7*z + 545 + 589. List the prime factors of z.
2, 3
Let b be ((-8)/(-10))/(2/250). Let h = -71 + b. List the prime factors of h.
29
Suppose 0 = -5*h + 145 - 25. List the prime factors of h.
2, 3
Suppose -49 = -2*c + 57. List the prime factors of c.
53
Let l be (1 - 5)*(3 + 2). Let c = l + 32. Suppose -2*b = -c - 2. List the prime factors of b.
7
Let n = -29 + 15. Let g = n + 24. What are the prime factors of g?
2, 5
Let w(x) = x - 1. Let i be w(4). Suppose 0 = i*h - 5*h + 6. List the prime factors of h.
3
Let s(m) = 8*m - 4 - 6*m - 6. What are the prime factors of s(8)?
2, 3
Let d(n) = n**3 - 6*n**2 + n - 1. Let q be d(6). Suppose z - q*z = -36. List the prime factors of z.
3
Let y be (1 - -3)*6/8. Suppose -o - 3*w + y = 1, -1 = w. List the